u(f) = 4*f**2. Let o be u(a). Calculate the greatest common divisor of o and 44.
4
Suppose -i + 11*i - 50 = 0. Suppose -69 = -i*z - 19. Calculate the highest common factor of z and 20.
10
Let t be ((-1)/1)/(1/(-2)). Suppose -83 = -12*m - 11. Let i = t + m. Calculate the highest common divisor of i and 8.
8
Suppose -5*l + 1057 = 4*m, l + 2*m - 194 = 7*m. What is the greatest common factor of l and 57?
19
Let j(s) = -s**3 - 3*s**2 - 4*s - 28. Let d be j(-5). Calculate the highest common divisor of 14 and d.
14
Let b(x) = x**3 - 4*x**2 - 45*x + 4. Let u be b(9). Calculate the greatest common divisor of u and 44.
4
Suppose 0 = 4*a + 2*x - 198, -5*a + x + 253 = -2*x. What is the greatest common divisor of 80 and a?
10
Let h = 2292 + -724. Calculate the highest common factor of h and 64.
32
Let g(v) = -76*v - 148. Let m be g(-6). What is the highest common factor of 7 and m?
7
Let u be (-8)/(-3) + (-7)/(-21). Suppose 0 = t + 15*t - 240. Calculate the greatest common divisor of u and t.
3
Suppose 0*d - 4*x - 22 = -d, 2*d + x = 17. Suppose -d*w = -106 - 324. Calculate the highest common factor of w and 344.
43
Suppose 2*r - 12 = -f + 12, -3*r + 66 = 3*f. Suppose 0 = 5*p - 2*p + 12, -f = -o - 2*p. Calculate the highest common divisor of o and 98.
14
Let t = -125 + 123. Let m be (1 - -20) + -2*t/4. What is the greatest common factor of 286 and m?
22
Let a be 68 + (1 + 2 - 5). Suppose a*d - 48 = 62*d. Calculate the highest common divisor of 48 and d.
12
Suppose 2*q = 8*q - 84. Calculate the greatest common divisor of 518 and q.
14
Suppose -20*y + 1560 = -16*y. What is the highest common divisor of y and 60?
30
Let c be (-18)/(-27) + 712/12. What is the greatest common factor of 105 and c?
15
Suppose -2*d = 7*l - 3*l - 5034, -2*l + 2535 = -5*d. What is the highest common factor of 15 and l?
15
Suppose -15*c + 14*c = -186. Let w = c + -109. Calculate the greatest common factor of 11 and w.
11
Let i(x) = -x**3 - 5*x**2 - 6*x - 1. Let y = 26 + -30. Let s be i(y). Let m = 10 - s. Calculate the highest common factor of 21 and m.
3
Let o be -1*(0 + -19 + -2). Let i be 2/4 + (-54)/(-12) + -2. Suppose -5*s - n + 103 = n, 0 = 2*s - i*n - 45. What is the highest common factor of s and o?
21
Let d(p) = 2*p**3 - 9*p**2 + 20*p - 13. Let i be d(4). What is the highest common divisor of i and 119?
17
Let a = 84 + -48. Suppose 0 = 41*y - 43*y + 24. What is the greatest common divisor of y and a?
12
Let q be (1 - 1)*9/36. Let o be -3 + (q + -4 - -151). Calculate the greatest common divisor of o and 16.
16
Let o = -10 + 10. Suppose o = -2*v - 2*v + 260. Let g(t) = t**3 + 7*t**2 + 6*t - 7. Let p be g(-5). Calculate the highest common factor of p and v.
13
Let v be (-817)/(1 - (-2)/6*-6). Calculate the greatest common divisor of 19 and v.
19
Suppose 2*l + i - 2 - 2 = 0, -3*l - 5*i = 1. Let q(y) = 2*y - 11. Let h be q(10). What is the highest common divisor of l and h?
3
Let a = 221 + -110. Suppose a + 129 = 2*c. Calculate the greatest common factor of 15 and c.
15
Let x = -894 + 1036. What is the highest common factor of 10 and x?
2
Suppose -243 = 6*z - 7*z. Suppose -18 + z = 5*n. Suppose -6*h + h = -25. What is the greatest common divisor of n and h?
5
Suppose -m = m - 18. Let s be (m - 1)*10/4. Calculate the highest common divisor of 8 and s.
4
Let h(r) = -29*r - 171. Let y be h(-6). What is the highest common factor of y and 117?
3
Let j be (9 - (-12)/(-2))*-1 - -45. What is the highest common factor of j and 434?
14
Let u = -5836 + 5857. Let s = 30 + -16. What is the greatest common factor of s and u?
7
Let j(i) = i**3 - 5*i**2 - 4*i - 5. Let u be j(6). Suppose 2 + 61 = 3*o. What is the highest common factor of o and u?
7
Let d be -2 + 10 - 0 - 3. Suppose 0 = -5*y + d*b + 75, -4*y + 5*b + 2 + 53 = 0. What is the greatest common factor of 40 and y?
20
Let w(i) = i**3 - i**2 - i + 109. Let c be (0 - -2) + (5 - 7). Let n be w(c). Let p = 169 - n. Calculate the greatest common factor of p and 15.
15
Suppose 2*j + 64 = 216. Calculate the greatest common factor of 114 and j.
38
Let v be 6 + 10 + (-2 - (-2 + 6)). Calculate the greatest common divisor of 445 and v.
5
Suppose 26*u - 9471 = 5*u. What is the highest common factor of u and 11?
11
Let w = 247 - 240. Let s be (-1)/2 - (-226)/4. What is the greatest common divisor of w and s?
7
Let r(v) = -v**3 - 2*v**2 + 10*v + 6. Let d be r(-5). Let h be 165 + -4*9/(-12). Let f = -106 + h. What is the highest common factor of d and f?
31
Suppose 0*w = 5*w + 85. Let h = w + 17. Suppose h = 3*v - 21 - 21. Calculate the highest common divisor of v and 14.
14
Let s(m) = m**3 + 7*m**2 - 5*m + 16. Let q be s(-6). Calculate the highest common divisor of q and 41.
41
Suppose 26*f = 31*f - 60. Suppose f = -3*p - 3. Let s be 18/p*5/(-2). What is the highest common factor of 45 and s?
9
Suppose -12 = 37*l - 40*l. Let b = l - 8. Let a be (-17)/b - 3/(-4). What is the greatest common factor of 20 and a?
5
Let f(l) = -33*l - 2. Let k be f(-2). Let i be 3 + 1 + 36/9. What is the highest common factor of k and i?
8
Suppose 3*b + 5*k - 14 = 0, 5*b - k + 10 = 8*b. Calculate the highest common divisor of 57 and b.
3
Suppose -5*n = 3*b - 110, -n + 2 + 8 = 3*b. Calculate the greatest common factor of n and 55.
5
Suppose 92 = -5*a + 2*r, 4*a = r - 3*r - 88. Let g = a - -42. Suppose 2*j = 4*k - 132, 5*j + 100 = 4*k - 32. What is the highest common factor of k and g?
11
Let h(t) = 3*t**2 - 118*t + 78. Let b be h(39). Calculate the highest common divisor of 1001 and b.
13
Let d(g) = -45*g + 35. Let b be d(-6). Calculate the greatest common factor of 122 and b.
61
Let q(l) = l**3 - 7*l**2 + 8*l - 8. Let t be q(6). Let z be (t/(-3))/((-5)/30). Let n be (2 + 0)*76/z. What is the highest common divisor of 95 and n?
19
Suppose 3*d - 2*d = -3*t - 68, 3*d - 84 = 3*t. Let n = -2 - t. Let p(q) = q**2 + 6*q - 5. Let a be p(-7). Calculate the greatest common divisor of a and n.
2
Suppose 4*h - 8 = 4*n, -5*h - 4*n - 3 = -4*h. Suppose 4*q = 3*o + 2*q - 22, -o = q + h. Calculate the greatest common factor of o and 6.
2
Let n(l) = l**2 + 11*l + 13. Let f be n(-10). Suppose 5*m + 18 + 5 = 4*u, -u + 10 = f*m. What is the highest common factor of 77 and u?
7
Suppose -17*v - 36 = -3011. Calculate the greatest common factor of 70 and v.
35
Let i(d) = d**2 + 13*d + 18. Let w be i(-13). Calculate the greatest common factor of 234 and w.
18
Suppose 520*u + 112 = 528*u. What is the greatest common divisor of u and 406?
14
Let v = -77 - -81. Suppose 9 + 15 = v*r. Let z = -7 - -16. What is the greatest common factor of z and r?
3
Let g(m) = 3*m**2 - 23*m + 35. Let b be g(8). What is the greatest common factor of b and 387?
43
Let r(i) = 3*i**2 - 10*i + 14. Let k be r(6). Let o = k + -46. Calculate the highest common divisor of 176 and o.
16
Let j = -508 + 958. Suppose 18*u = 23*u - j. Calculate the greatest common divisor of 18 and u.
18
Let v(j) be the second derivative of 2*j**4/3 - j**3 + j**2/2 - 12*j. Let g be v(5). Calculate the highest common factor of g and 19.
19
Let z = 12 + -5. Let p be 5*z/((-7)/(-16)). What is the highest common factor of 200 and p?
40
Let k(z) = z**3 + 2*z**2 - 3*z + 10. Let g be k(-4). Let f be (g*38)/(-4) + 4/1. What is the greatest common factor of 33 and f?
33
Suppose 8*w + 256 = 40*w. What is the greatest common factor of w and 16?
8
Let q = -231 - -233. Calculate the highest common divisor of 252 and q.
2
Suppose 5*i + 52 = 2*t - 85, -i = 5*t - 329. Calculate the highest common divisor of t and 3498.
66
Let c(a) = -a**3 - 14*a**2 - 14*a + 17. Let n be c(-13). Calculate the greatest common divisor of n and 10.
10
Let b be (15/(-9))/(60/(-9828)). What is the highest common factor of 117 and b?
39
Let u(c) = c**3 - 15*c**2 + 4*c - 33. Let y be u(16). Calculate the highest common factor of y and 41.
41
Suppose 5*l = -3*o - 28, -5*o + o = -2*l - 6. Suppose 1 = w - 1. Let c be 5 - (-3 - w/o). Calculate the greatest common divisor of c and 42.
6
Suppose -16*u + 2665 = -11*u + 4*m, -3*u + 1599 = 2*m. What is the highest common factor of u and 41?
41
Let s = 285 - 189. What is the greatest common factor of 6 and s?
6
Let h be ((-2)/(-8))/(12/192). What is the highest common divisor of 3 and h?
1
Let d(k) = -9*k**3 - 291*k**2 - 99*k - 56. Let c be d(-3